 2*y(z). What is n(-3)?
2
Suppose -5*o + 8 = -2*c - 17, -5*c - 28 = -o. Suppose 1 = o*f + 4. Let x(n) = -6*n + 6. Let k(p) = -6*p + 7. Let i(r) = 5*k(r) - 6*x(r). Give i(f).
-7
Let d(m) = -2*m + m**3 + 3 - 4*m**2 - m - 1. Calculate d(5).
12
Let s be (-3)/(-2) + (-18)/4. Let n = 3 + -4. Let l = s - n. Let j(i) = -i**3 - 2. Calculate j(l).
6
Let u(x) = x**3 - 7*x**2 + 2*x - 5. Let g be u(7). Suppose -2*l - l - g = 0. Let w(t) = 2 - 1 - 2*t + t. Determine w(l).
4
Let f(c) = -6*c + 7. Let s(j) = 2*j - 2. Let u(d) = 4*f(d) + 14*s(d). Let v be u(-1). Let t(a) = a**3 + 5*a**2 + 4*a - 4. Determine t(v).
-4
Suppose -2*y = 3*o - 29, 0 = -5*o - 2*y + 65 - 22. Let n(c) = -o - 1 + 3*c - c. Let d = -6 + 12. What is n(d)?
4
Let t(r) = 2*r**2 - 4*r - 4. Suppose -x + 3*o = -2*x - 18, 5*x + 10 = 5*o. Let s = 10 + x. Calculate t(s).
12
Suppose -6*r + 2*r + 12 = 0. Let b(a) = -2*a**2 - 2*a - 9 + 7 - r*a**2 + 9*a**2 + a**3. Give b(-2).
10
Let o(n) = 5*n - 11. Let r(a) = 2*a - 5. Let c(f) = -4*o(f) + 9*r(f). Give c(-5).
9
Let r(p) = 5*p**2 + 5 + 6*p + 15*p**3 + 8*p**3 - 22*p**3. Let c(j) = -j**2 + 9*j - 5. Let h be c(6). Suppose 3*m = -h + 1. Determine r(m).
-3
Let p(g) be the second derivative of -1/12*g**4 + 3*g + 0 + 1/6*g**3 + g**2. Give p(2).
0
Let q(v) = 2 + 2 - 3 + v**2 - v - 4. Give q(0).
-3
Let l(q) = -q + 2. Let d = -3 + 6. Let t be l(d). Let n(w) = -w. Calculate n(t).
1
Suppose 12 = -5*t + 2*b, b = 2*t + 5*b + 24. Let u(o) = o**3 + 4*o**2 - o + 2. What is u(t)?
6
Let b(l) = -2*l + 0 + 3 + 0 - 1. Let t = 4 - -1. Calculate b(t).
-8
Let m(h) = 18*h**2 + h. Let a be m(-1). Let y(o) = a*o**2 - 18*o**2 - 2 - 3*o + 4. Give y(-3).
2
Let v(q) = -q - 2. Let z be v(-3). Let u(h) = 2*h - 3. Let l(t) = -t - 1. Let w(a) = 2*l(a) - u(a). Calculate w(z).
-3
Suppose 0 = -y + 5*t + 2 + 2, 0 = 4*y - 2*t + 20. Let d be (-38)/(-3) + y/9. Suppose 5*p - p = d. Let l(j) = j**2 - 2*j - 4. Give l(p).
-1
Suppose 7 + 1 = -2*o. Let y(j) = j**2 + 9*j + 3. Let x(s) = s**2 + 10*s + 3. Let c(v) = 5*x(v) - 6*y(v). Calculate c(o).
-3
Let k(r) = -r**2 + 4*r + 7. Let q(g) = -2*g**3 - 2*g**2 + g. Suppose -2*j = -3*j + l - 1, 2*j - 4*l = 0. Let x be q(j). What is k(x)?
-5
Let m(i) = i**2 + 2*i + 4. Let z(o) = -4*o**2 - 7*o - 17. Let n(y) = -9*m(y) - 2*z(y). Let w be (-1)/2 + 1/2. Let v = -2 + w. Give n(v).
2
Let p(g) be the third derivative of 0*g + 1/24*g**4 + 1/3*g**3 + 0 + 2*g**2. Give p(-6).
-4
Let s = 441/8 + -55. Let y(z) be the third derivative of -1/2*z**3 - s*z**4 + 0 + 0*z - 1/120*z**6 - 1/30*z**5 + 2*z**2. Give y(-2).
3
Suppose 2*y = -2*y - 12. Let i be (3 - 0) + 3/y. Let h(l) = -l**2 + 4*l**2 - 3*l + 0*l**2. Give h(i).
6
Let m(x) be the third derivative of x**4/24 - x**2. Suppose -l + 0*l + 5 = 3*w, 10 = 3*l + 4*w. What is m(l)?
2
Let l(o) be the second derivative of -o**4/12 + 7*o**3/3 - 13*o**2/2 + o. Let z be l(13). Let p(a) = a - 11. What is p(z)?
-11
Let t(c) = -2 - 4*c**2 + 5*c**2 + c - 5*c. Suppose 0*b - 8 = -2*b. Let n = b - 0. Determine t(n).
-2
Let y(p) be the first derivative of p**2/2 - 2*p - 1. Calculate y(-3).
-5
Let d = 0 - -2. Let h(p) be the second derivative of 1/12*p**4 + 1/2*p**2 + 0 + 3*p + 0*p**3. What is h(d)?
5
Let h(w) = w**3 + 3*w**2 - 3*w + 2. Let p(o) = 2*o**3 + 5*o**2 - 5*o + 3. Let r(y) = -7*h(y) + 4*p(y). Calculate r(0).
-2
Let m(i) = 7*i**2 - i. Let f(k) = 8 - 3*k**2 + 2*k**2 + 6*k + 0*k**2. Let a be 2/(-3) - 414/(-54). Let p be f(a). Calculate m(p).
6
Let a(v) = -v - 1. Let s = -4 + 2. Let q(r) = -10*r - 13. Let l(d) = s*q(d) + 22*a(d). Give l(5).
-6
Let a(t) = -t**3 + 4*t - 3. Suppose -15 = 3*l - 6*l. Suppose -3 = -3*b, -l*u + 2*b = -u - 6. Calculate a(u).
-3
Let x(a) = 8*a**2 - 2*a**2 + 4*a - 5*a. Give x(-1).
7
Let d(y) = y**3 - 14*y**2 + 3*y + 6. Let w(t) = t**3 - 15*t**2 + 2*t + 5. Let g(l) = 6*d(l) - 5*w(l). Calculate g(8).
11
Let a(o) = -3*o + 4. Let y = 15 - 23. Let p be (-21)/(-4) - (-2)/y. What is a(p)?
-11
Suppose 22*h + 24*h - 184 = 0. Let d(m) = -m + 8. Let a be d(6). Let g(j) = j - a*j + 3*j. Give g(h).
8
Let s(u) = -u**2 - u - 1. Let p(c) = 4*c**2 + 16*c - 1. Let r be p(-4). What is s(r)?
-1
Let g(v) = -3*v**3 - 5*v**2 - 9*v - 3. Let x = 4 + -7. Let m(n) = -2*n**3 - 3*n**2 - 5*n - 2. Let z(k) = x*g(k) + 5*m(k). What is z(-2)?
3
Let l(g) = -g**2 + 6*g - 5. Suppose 5*u - 4*w - w - 145 = 0, 4*w + 41 = u. Suppose 0 = 3*f - 8*f + b + u, 3*b = 0. Calculate l(f).
0
Let j be 1/4*64/48. Let z(o) be the second derivative of -2*o - 3/2*o**2 + 1/12*o**4 + j*o**3 + 0. What is z(2)?
5
Let n be (2/(-2))/1*-5. Suppose -4*y + 20 = 4*l - l, l = 3*y - 2. Let h(w) = -9*w - w**y + 46 + 2*w**2 - 40. What is h(n)?
-14
Let j(x) = -10 - 2*x + 3*x + 0*x + 0*x. Calculate j(6).
-4
Let j(a) = -2*a**2 + 10*a - 19. Let u(h) = -h**2 + 5*h - 9. Let r(c) = 3*j(c) - 7*u(c). What is r(5)?
6
Let n(f) = -11*f**2 + 2*f - 1. Let i(l) = 3*l**2 - 1. Let q be i(2). Suppose 4*t = -2*w + 3 + q, -w + t - 2 = 0. Let p be 2/(-4)*-4 - w. Determine n(p).
-10
Let g(u) = 7*u**2 - u + 7. Let n(o) = 4*o**2 - o + 4. Suppose 0 = -4*a - 2*q + 10, 5*q = 3*a + 2*a - 50. Let r(t) = a*n(t) - 3*g(t). Determine r(-2).
-1
Let z be (-76)/(-14) - 15/35. Let q(v) = -z + 5*v**2 + 3*v**3 - v**3 + 11 - v**3. Calculate q(-5).
6
Let v(f) = -4*f + 13. Let m(c) = -5*c + 14. Let s(z) = -5*m(z) + 6*v(z). Give s(0).
8
Suppose 0 = 2*d - 4*h - 8, -3*h - 3 = d - 2. Let o(a) = 6*a - 2. What is o(d)?
10
Suppose -5 = 5*i - 4*i. Let p(k) = k**2 + 5*k - 10. Let j be p(-7). Let m(d) = 6*d - d**3 + 6 - j*d**2 + 2*d - d. Calculate m(i).
-4
Let l(b) = 6*b + 5*b**2 + 2 - 6*b**2 - 6. Determine l(5).
1
Let h(p) = p - 7. Let x be 11 - (0/(-2) - -2). Let t = 15 - x. Calculate h(t).
-1
Let x = -2 + 3. Suppose 0*u + u = x. Let p(f) = 2*f**2 - 2*f + 1. Give p(u).
1
Let n(j) = 19*j - 5. Let g(h) = -10*h + 3. Let u(p) = -p**3 + 4*p**2 - 3*p + 3. Let l be u(3). Let w(y) = l*n(y) + 5*g(y). Determine w(-1).
-7
Let a(s) = -s + 6 - 6*s**2 - 2 - 3 - 2. What is a(-1)?
-6
Suppose 4*w + 0*w - 41 = 5*l, -l - 1 = w. Let u(d) = 3*d**2 - 2*d**2 + w - 4*d + d. Calculate u(3).
4
Let a(v) = -v**3 - 3*v**2 - 5*v + 3. Let y(n) = 4*n - 1. Let t(p) = p. Let s(k) = 3*t(k) - y(k). Let d(q) = -a(q) + 4*s(q). Determine d(-3).
-2
Let z(y) = -y - 1. Suppose r + 1 - 3 = 0. Let w be (r - 1)*(-2)/2. Determine z(w).
0
Let k(n) = 6*n**2 + 4*n + 5. Let m(p) be the second derivative of 5*p**4/12 + p**3/2 + 2*p**2 - p. Let o(s) = 3*k(s) - 4*m(s). Give o(2).
-9
Let y(k) = k - 1. Let j = 18 + -12. Determine y(j).
5
Let u(k) = -3*k - 1. Suppose -2*o = -6*o - 16. Let z = -3 - -9. Let y = o + z. Determine u(y).
-7
Let s(w) = 20*w**3 - 41*w**2 - 17*w - 32. Let d(p) = 7*p**3 - 14*p**2 - 6*p - 11. Let k(o) = -17*d(o) + 6*s(o). What is k(8)?
-5
Let y(i) = i**3 + i**2 - 2*i + 4. Let x(m) = -10*m - 23. Let t be x(-2). Calculate y(t).
-8
Let j(l) be the first derivative of -l**4/12 + 5*l**3/6 + 3*l**2/2 - 2*l + 1. Let k(r) be the first derivative of j(r). Let z = -2 - -8. Calculate k(z).
-3
Suppose 2*d - 4*u - 4 = -24, 7 = 2*d + 5*u. Let a be d/(-4) - (-2 + 2). Let r(z) = z**2 - 1. What is r(a)?
0
Let s be -1 - -5 - 1 - 0. Let j(p) = -p**3 - 2*p**3 + s*p**3 + p - 4 + 5*p**2 - p**3. Suppose -m = -3 - 2. What is j(m)?
1
Suppose -8*q = -14*q - 24. Let h(t) = 2*t + 4. Calculate h(q).
-4
Let y(o) be the second derivative of -o**3/6 - o**2 - 11*o. Calculate y(4).
-6
Suppose 2 + 4 = 2*c. Let s(t) = -2*t**3 + 2*t**2 + 4*t + 5. Let n(m) = m**3 - m**2 - 3*m - 4. Let l(f) = c*n(f) + 2*s(f). Determine l(0).
-2
Let w(i) be the first derivative of i**4/4 - i**3/3 - i**2/2 + 8*i + 1. Suppose -2*m + 2 = t, 4*t + 3*m + 10 - 3 = 0. Let z = 4 + t. Calculate w(z).
8
Let y(l) be the second derivative of -l**8/6720 + l**7/504 - l**6/180 - l**5/40 - l**4/12 - l. Let i(t) be the third derivative of y(t). What is i(4)?
-3
Let s(f) = -f**3 - 5*f**2 + 2*f + 6. Let i(k) = 2*k**3 + 10*k**2 - 4*k - 12. Let b(r) = -6*i(r) - 13*s(r). What is b(-5)?
4
Suppose -n - 3 = 1, -5*x - 12 = 3*n. Let f(z) = z**2 + z - 3. Determine f(x).
-3
Let c(m) = m**2 + m - 7. Let y = 39 - 19. Let s be (-12)/y - 9/(-15). Give c(s).
-7
Let d(t) be the third derivative of -t**6/120 - t**5/20 - t**4/12 - t**2. Calculate d(-2).
0
Let m(x) = -2*x + 25. Let v be m(11). Let o(u) = -u**2 + 3*u. Give o(v).
0
Let a(s) be the first deri